{"id":11251,"date":"2020-05-06T12:53:50","date_gmt":"2020-05-06T12:53:50","guid":{"rendered":"https:\/\/holdbox.eu\/?post_type=product&#038;p=11251"},"modified":"2020-05-18T11:19:09","modified_gmt":"2020-05-18T11:19:09","slug":"wlacznik-dim-hb-swi-100-do-profilu-led","status":"publish","type":"product","link":"https:\/\/holdbox.eu\/?product=wlacznik-dim-hb-swi-100-do-profilu-led","title":{"rendered":"Wy\u0142\u0105cznik DIM HB-SWI 100 do profilu LED"},"content":{"rendered":"<p><a href=\"https:\/\/holdbox.eu\/wp-content\/uploads\/2020\/05\/Instrukcja-HB-SWI_100.pdf\" target=\"_blank\" rel=\"noopener noreferrer\">Instrukcja.PDF<\/a><\/p>\n","protected":false},"excerpt":{"rendered":"<p style=\"text-align: left;\">Mini wy\u0142\u0105cznik \/ \u015bciemniacz dotykowy przeznaczony do zastosowania w profilach aluminiowych do wsp\u00f3\u0142pracy ze \u017ar\u00f3d\u0142ami LED.<\/p>\n","protected":false},"featured_media":11530,"template":"","meta":[],"product_brand":[],"product_cat":[121,193],"product_tag":[],"class_list":{"0":"post-11251","1":"product","2":"type-product","3":"status-publish","4":"has-post-thumbnail","6":"product_cat-sterowanie-led","7":"product_cat-sensorowe-wylaczniki-do-led-i-innych-zrodel-swiatla","10":"first","11":"instock","12":"shipping-taxable","13":"product-type-simple"},"jetpack-related-posts":[],"jetpack_sharing_enabled":true,"_links":{"self":[{"href":"https:\/\/holdbox.eu\/index.php?rest_route=\/wp\/v2\/product\/11251","targetHints":{"allow":["GET"]}}],"collection":[{"href":"https:\/\/holdbox.eu\/index.php?rest_route=\/wp\/v2\/product"}],"about":[{"href":"https:\/\/holdbox.eu\/index.php?rest_route=\/wp\/v2\/types\/product"}],"wp:featuredmedia":[{"embeddable":true,"href":"https:\/\/holdbox.eu\/index.php?rest_route=\/wp\/v2\/media\/11530"}],"wp:attachment":[{"href":"https:\/\/holdbox.eu\/index.php?rest_route=%2Fwp%2Fv2%2Fmedia&parent=11251"}],"wp:term":[{"taxonomy":"product_brand","embeddable":true,"href":"https:\/\/holdbox.eu\/index.php?rest_route=%2Fwp%2Fv2%2Fproduct_brand&post=11251"},{"taxonomy":"product_cat","embeddable":true,"href":"https:\/\/holdbox.eu\/index.php?rest_route=%2Fwp%2Fv2%2Fproduct_cat&post=11251"},{"taxonomy":"product_tag","embeddable":true,"href":"https:\/\/holdbox.eu\/index.php?rest_route=%2Fwp%2Fv2%2Fproduct_tag&post=11251"}],"curies":[{"name":"wp","href":"https:\/\/api.w.org\/{rel}","templated":true}]}}